1. List the prime factors of o.
2, 5, 7
List the prime factors of 30496890/5676 + (-2)/(-44).
3, 199
Let q(w) = 3 - 3 + w**3 - 1 + 5 + 4*w**2 + 5*w. Let i be q(-3). List the prime factors of (4 - i*8) + -4.
2
Let r = 89218 + -53958. List the prime factors of r.
2, 5, 41, 43
Suppose 4*f = -b + 13, -2*b + 17 = -0*f + 5*f. What are the prime factors of 78/52*1132/f?
2, 283
Suppose 350*g - 2*c + 39811 = 355*g, 0 = 2*g + c - 15924. What are the prime factors of g?
7963
Let l = -992 + 1127. What are the prime factors of l?
3, 5
Let f(k) = 5 + 11*k + k**2 - 1 - 5 - 2*k**2. Let r be f(10). Suppose 168 - 24 = r*u. List the prime factors of u.
2
Let w(s) = -4*s - 104. Let l be w(-27). Suppose 3*y - l*k - 1262 = 0, -k = -y + 135 + 285. List the prime factors of y.
2, 11, 19
Let a(i) = 6*i - 17. Let g(r) be the first derivative of 5*r**2/2 - 17*r - 7. Let t(f) = 5*a(f) - 4*g(f). List the prime factors of t(8).
3, 7
Let g = 267 + 611. Let j = -527 + g. List the prime factors of j.
3, 13
What are the prime factors of (18116/(-2))/((-1)/(-6 + (-34)/(-4)))?
5, 7, 647
Suppose -63*k + 2756538 - 205857 = 0. List the prime factors of k.
40487
Suppose 350 = 3*f + 3*r - 46, 4*f - 528 = -2*r. Suppose 1855 = -4*k - 5*u, -k + u = -f + 598. Let y = -260 - k. What are the prime factors of y?
5, 41
Let j(l) = 3*l - 4*l + 11*l**2 - 2*l**2. Let o be -1 + -4 + -15 + 18. List the prime factors of j(o).
2, 19
Let r(b) = 3*b**2 - b + 6. Let p(d) = -8 - 14 + 21. Let c(s) = 5*p(s) + r(s). List the prime factors of c(-4).
53
Let r = -25 + 23. Let k(b) = -3*b**2 - 18*b - 10. Let v(t) = -t**2 - 1. Let o(h) = r*v(h) + k(h). List the prime factors of o(-11).
3, 23
Let i = 91 - 89. Suppose -1050 = 6*s - 7*s + 5*f, 5*s - i*f = 5250. List the prime factors of s.
2, 3, 5, 7
List the prime factors of 7 - (-8 - (-204)/18)*-597.
1997
Suppose -586 - 618 = 4*b. Let d = 383 + b. What are the prime factors of d?
2, 41
Let d(p) = 14*p - 65. Let b be d(5). List the prime factors of (1*-2)/(b*(-14)/1855).
53
What are the prime factors of (70889 - -20)/(-23)*3/(-1)?
3, 3083
Let z = 331 - 327. What are the prime factors of 3/z*144/54?
2
Suppose 5*q - 16062 = -2*d - 3143, d = -3*q + 6459. List the prime factors of d/33 - 6/(-33).
2, 7
Let c(g) = 5*g**2 - 20*g - 19. Let x(i) = -i**2 + 14*i - 21. Let o be x(9). Suppose 3*p + o = 6*p. List the prime factors of c(p).
3, 47
Let w(u) = u**3 + 3*u**2 - 7*u + 18. Let l be w(-5). Suppose -3*k = l*n - 1308, -4*n = 3*k - 2*k - 430. What are the prime factors of k?
2, 3, 73
Let q be 5*30/(-25) + 8. Suppose q*s = b - 456, 0 = -4*s + 1 - 21. What are the prime factors of b?
2, 223
Let b = 355 + -352. Suppose -b*o = 12*r - 8*r - 142, 5*o + 3*r = 233. List the prime factors of o.
2, 23
Suppose -20364 = -5*t + 5*g + 28701, -5*t - 3*g + 49081 = 0. List the prime factors of t.
5, 13, 151
Suppose -3*n = 3*a - 2733, 10*a + 4*n = 15*a - 4519. What are the prime factors of a?
907
Suppose 149*o - 2046869 + 209252 = 0. List the prime factors of o.
3, 4111
Let n(t) = -23*t + 37. Let y be n(-10). Suppose -5*w - y = -2*w. Let u = 273 + w. List the prime factors of u.
2, 23
Let s(u) be the first derivative of -u**4/4 + u**3 - 11*u**2/2 - 3*u + 6. Let x be s(5). Let n = x - -157. What are the prime factors of n?
7
Suppose 4*s = g + 28, 0 = 5*g - 4*s + s + 106. Let x be g - ((-96)/(-54) - 4/(-18)). Let p = x + 120. What are the prime factors of p?
2, 7
Suppose 3*s + 4*s = 15*s. Suppose 7*t - 25*t + 8622 = s. What are the prime factors of t?
479
Let z(o) = 323*o - 1217. List the prime factors of z(17).
2, 2137
Suppose h = -a + 14, -3*h + 37 - 9 = -4*a. Suppose 0 = -0*z - 2*z + 3*l + 12, 4*z = -2*l + 40. Suppose z*u + 45 = h*u. List the prime factors of u.
3, 5
Suppose -101*p - 133*p + 1366904 = -80*p. List the prime factors of p.
2, 7, 317
Let x be ((-2)/6)/(1 + (-10)/15). What are the prime factors of (-646)/x - (-99 + 100)?
3, 5, 43
Let o(g) = 5*g**2 + 49*g + 381. What are the prime factors of o(-45)?
3, 2767
Suppose -4*l - v = 1235, -5*l - 98 = 5*v + 1427. Let y be 23/((-3)/7 - l/560). Suppose -s = -2*s + 3*z + y, 4*z = 4*s - 720. List the prime factors of s.
2, 89
Let n(q) = 14*q + 6. Let s be n(-4). Let j = -47 - s. Suppose -j*d + 22 = -d - 4*z, -z = -5. List the prime factors of d.
3, 7
Let o = -2192 - -1085. What are the prime factors of o/9*(-6 - (-2 + 0))?
2, 3, 41
Let a = -2465 - -3611. List the prime factors of a.
2, 3, 191
List the prime factors of 641801/(2 + 17) + 3.
2, 7, 19, 127
Suppose 5*p - 37672 = -4*z + 32580, 5*z + 5*p = 87815. List the prime factors of z.
7, 13, 193
Let i = -8885 - -11688. List the prime factors of i.
2803
What are the prime factors of (51 - 76)/(2/(-292))?
2, 5, 73
Suppose 5*c - 4*c - 13 = 0. Let d be -4 + 16/(-10)*(-40)/16. Suppose -16*j + c*j + 162 = d. List the prime factors of j.
2, 3
Let f be (20/12)/((2/(-36))/(-1)). Suppose -5*w + f*j = 32*j - 3980, 796 = w + 5*j. List the prime factors of w.
2, 199
List the prime factors of (6/(-5))/(-6 - (-5230197)/871710).
2, 7, 593
Let f(b) = b**3 - 18*b**2 + b - 16. Let k be f(18). Suppose -5*i + 5*x - 2*x = -748, k*i = -5*x + 293. What are the prime factors of i?
149
Suppose -3*x - 248 = 4*k + 265, 5*k + 4*x = -642. Let u(f) = 13*f**2 - 13*f - 75. Let m be u(-4). Let o = m + k. List the prime factors of o.
59
List the prime factors of (5 - (-650)/5)*(0 - (-572)/6).
2, 3, 5, 11, 13
Let g = 18679 + -10816. Suppose 0 = -2*s - 3*d + 792 + 2367, 5*s - 4*d - g = 0. What are the prime factors of s?
3, 5, 7
Let t(q) be the third derivative of q**5/12 + 10*q**4/3 + 10*q**3 + 14*q**2. What are the prime factors of t(-19)?
3, 5, 23
Let p(y) = -y**2 - 11 + 2 - 4*y + 25*y**3 - 44*y**3 - 71*y**3 + 6. What are the prime factors of p(-1)?
2, 3, 5
Suppose 4055660 + 2653118 = 130*f + 1944018. What are the prime factors of f?
2, 7, 11, 17
Suppose -2*z + 1810 + 1478 = -4*w, 4*z + 2*w = 6556. List the prime factors of z.
2, 5, 41
Let d be (-60)/(-24)*(-4)/(-5). Suppose d*h + 128 = -176. Let c = 49 - h. List the prime factors of c.
3, 67
Let l be (6/(-8))/(1 - 5/4). Suppose l*n = 490 + 68. What are the prime factors of n?
2, 3, 31
Suppose -j - 2*v - 148 + 9393 = 0, 3*j + v - 27730 = 0. List the prime factors of j.
3, 13, 79
Suppose 3*c = 4*c. Suppose -5*b = -2*u - 837, 0*b + b = -u + 173. Suppose c = -3*r + 92 + b. What are the prime factors of r?
3, 29
Let w = -32115 - -47292. What are the prime factors of w?
3, 5059
Suppose 31 = 5*r + 6. Let f(m) = 7*m - 38. Let x(b) = 5*b - 25. Let a(z) = r*f(z) - 8*x(z). What are the prime factors of a(-8)?
2, 5
Let c(p) = p**2 - 8*p + 6. Let m be c(10). Let l be (2/(-6))/(m/(-43836)). Let w = l + -348. What are the prime factors of w?
2, 107
Suppose 0 = -2*z + h + 3, -4*z = 3*h - 7 - 14. Suppose 2*m + 3*i = 1669, 0 = -z*m - 4*i - 903 + 3406. List the prime factors of m.
7, 17
Let g = 9878 - 9193. What are the prime factors of g?
5, 137
Suppose 175*c - 465*c = -2651403 - 235257. List the prime factors of c.
2, 3, 7, 79
Suppose -3*m + 3*k - k + 24025 = 0, -2*m = k - 16019. List the prime factors of m.
8009
Suppose 28003 = -54*x + 95*x. List the prime factors of x.
683
Suppose -32808*o = -32820*o + 423120. What are the prime factors of o?
2, 5, 41, 43
Suppose 0 = 2*p - 2*j + 178, -7*p = -12*p - 3*j - 477. What are the prime factors of (2096/(-6))/(31/p)?
2, 131
Suppose -10*u - 1924 = -34. Let o = u - -299. What are the prime factors of o?
2, 5, 11
Let j = 4637 + -3252. What are the prime factors of j?
5, 277
Let s = -4236 - -9521. List the prime factors of 7 + 9/(63/s).
2, 3, 127
Let t = 65867 - 34354. What are the prime factors of t?
31513
Let x be (3 + -6 - -6)*50/(-3). What are the prime factors of (-2030)/28*(-5)/(x/(-64))?
2, 29
What are the prime factors of 8504312/116 - 96/2784?
167, 439
What are the prime factors of (-726980)/(-16) + (-8 - 837/(-108))?
2, 37, 307
Suppose -k + 3*t = 6*t - 14, -2*k = 4*t - 20. Let a(s) = 60 + k*s**2 + 99 + 0*s**3 + s**3 - 3*s**2. What are the prime factors of a(0)?
3, 53
Let i be (9/2)/((-18)/(-3984)) - 5. Let t = -330 + i. What are the prime factors of t?
661
Let t = -11 + 16. Suppose 0 = -6*b - 1 - t. List the prime factors of b + 2 + 1 + 133.
3, 5
Let s(y) = -y - 3. Let j(o) = -11*o**2 + 10*o + 53. Let m(h) = -j(h) + 5*s(h). What are t